{"id":1203,"date":"2016-05-16T10:32:51","date_gmt":"2016-05-16T08:32:51","guid":{"rendered":"http:\/\/biosain.at\/?page_id=1203"},"modified":"2016-05-16T10:35:15","modified_gmt":"2016-05-16T08:35:15","slug":"pflanzenmarkt-2016","status":"publish","type":"page","link":"https:\/\/biosain.at\/?page_id=1203","title":{"rendered":"pflanzenmarkt 2016"},"content":{"rendered":"<p>Unser Pflanzenmarkt &amp; SLowfoodmarkt Anfang Mai war ein gro\u00dfer Erfolg und wir sind froh, dass unsere Sch\u00fctzlinge ein neues zu Hause gefunden haben, wo sie sich entfalten k\u00f6nnen!<\/p>\n","protected":false},"excerpt":{"rendered":"<p>Unser Pflanzenmarkt &amp; SLowfoodmarkt Anfang Mai war ein gro\u00dfer Erfolg und wir sind froh, dass unsere Sch\u00fctzlinge ein neues zu Hause gefunden haben, wo sie sich entfalten k\u00f6nnen!<\/p>\n","protected":false},"author":3,"featured_media":1227,"parent":165,"menu_order":151,"comment_status":"closed","ping_status":"closed","template":"Newsseite.php","meta":{"footnotes":"","_links_to":"","_links_to_target":""},"categories":[2],"tags":[],"class_list":["post-1203","page","type-page","status-publish","has-post-thumbnail","hentry","category-news"],"_links":{"self":[{"href":"https:\/\/biosain.at\/index.php?rest_route=\/wp\/v2\/pages\/1203","targetHints":{"allow":["GET"]}}],"collection":[{"href":"https:\/\/biosain.at\/index.php?rest_route=\/wp\/v2\/pages"}],"about":[{"href":"https:\/\/biosain.at\/index.php?rest_route=\/wp\/v2\/types\/page"}],"author":[{"embeddable":true,"href":"https:\/\/biosain.at\/index.php?rest_route=\/wp\/v2\/users\/3"}],"replies":[{"embeddable":true,"href":"https:\/\/biosain.at\/index.php?rest_route=%2Fwp%2Fv2%2Fcomments&post=1203"}],"version-history":[{"count":2,"href":"https:\/\/biosain.at\/index.php?rest_route=\/wp\/v2\/pages\/1203\/revisions"}],"predecessor-version":[{"id":1230,"href":"https:\/\/biosain.at\/index.php?rest_route=\/wp\/v2\/pages\/1203\/revisions\/1230"}],"up":[{"embeddable":true,"href":"https:\/\/biosain.at\/index.php?rest_route=\/wp\/v2\/pages\/165"}],"wp:featuredmedia":[{"embeddable":true,"href":"https:\/\/biosain.at\/index.php?rest_route=\/wp\/v2\/media\/1227"}],"wp:attachment":[{"href":"https:\/\/biosain.at\/index.php?rest_route=%2Fwp%2Fv2%2Fmedia&parent=1203"}],"wp:term":[{"taxonomy":"category","embeddable":true,"href":"https:\/\/biosain.at\/index.php?rest_route=%2Fwp%2Fv2%2Fcategories&post=1203"},{"taxonomy":"post_tag","embeddable":true,"href":"https:\/\/biosain.at\/index.php?rest_route=%2Fwp%2Fv2%2Ftags&post=1203"}],"curies":[{"name":"wp","href":"https:\/\/api.w.org\/{rel}","templated":true}]}}