{"id":1521,"date":"2018-06-05T17:14:00","date_gmt":"2018-06-05T15:14:00","guid":{"rendered":"http:\/\/biosain.at\/?page_id=1521"},"modified":"2018-06-05T17:14:00","modified_gmt":"2018-06-05T15:14:00","slug":"jetzt-gehts-los","status":"publish","type":"page","link":"https:\/\/biosain.at\/?page_id=1521","title":{"rendered":"Jetzt geht&#8217;s los"},"content":{"rendered":"<p>Juhuu! Mit der ersten Juniwoche f\u00e4ngt auch unsere erste CSA-Saison so richtig an. Jedem Anfang liegt ein Zauber inne &#8211; und wir beginnen diesen neuen Abschnitt mit viel Freude und Spannung.<\/p>\n<p>Die Wetter und Bodenbedingungen waren unseren Anbaupl\u00e4nen gut gesonnen &#8211; und wir k\u00f6nnen diese CSA- Saison gleich mal auch mit gen\u00fcgend Fruchtgem\u00fcse starten.<\/p>\n<p>Ab 8.Juni sind wir also jeden Freitag mit dem Gem\u00fcse in Wien beim Reformhaus Wallner und freuen uns aufs Ernte teilen viele neue Begegnungen.<\/p>\n","protected":false},"excerpt":{"rendered":"<p>Juhuu! Mit der ersten Juniwoche f\u00e4ngt auch unsere erste CSA-Saison so richtig an. Jedem Anfang liegt ein Zauber inne &#8211; und wir beginnen diesen neuen Abschnitt mit viel Freude und Spannung. Die Wetter und Bodenbedingungen waren unseren Anbaupl\u00e4nen gut gesonnen &#8211; und wir k\u00f6nnen diese CSA- Saison gleich mal auch mit gen\u00fcgend Fruchtgem\u00fcse starten. Ab&nbsp; <a class=\"moretag\" href=\"https:\/\/biosain.at\/?page_id=1521\"> mehr lesen&#8230;<\/a><\/p>\n","protected":false},"author":3,"featured_media":1522,"parent":165,"menu_order":134,"comment_status":"closed","ping_status":"closed","template":"","meta":{"footnotes":"","_links_to":"","_links_to_target":""},"categories":[2],"tags":[],"class_list":["post-1521","page","type-page","status-publish","has-post-thumbnail","hentry","category-news"],"_links":{"self":[{"href":"https:\/\/biosain.at\/index.php?rest_route=\/wp\/v2\/pages\/1521","targetHints":{"allow":["GET"]}}],"collection":[{"href":"https:\/\/biosain.at\/index.php?rest_route=\/wp\/v2\/pages"}],"about":[{"href":"https:\/\/biosain.at\/index.php?rest_route=\/wp\/v2\/types\/page"}],"author":[{"embeddable":true,"href":"https:\/\/biosain.at\/index.php?rest_route=\/wp\/v2\/users\/3"}],"replies":[{"embeddable":true,"href":"https:\/\/biosain.at\/index.php?rest_route=%2Fwp%2Fv2%2Fcomments&post=1521"}],"version-history":[{"count":1,"href":"https:\/\/biosain.at\/index.php?rest_route=\/wp\/v2\/pages\/1521\/revisions"}],"predecessor-version":[{"id":1523,"href":"https:\/\/biosain.at\/index.php?rest_route=\/wp\/v2\/pages\/1521\/revisions\/1523"}],"up":[{"embeddable":true,"href":"https:\/\/biosain.at\/index.php?rest_route=\/wp\/v2\/pages\/165"}],"wp:featuredmedia":[{"embeddable":true,"href":"https:\/\/biosain.at\/index.php?rest_route=\/wp\/v2\/media\/1522"}],"wp:attachment":[{"href":"https:\/\/biosain.at\/index.php?rest_route=%2Fwp%2Fv2%2Fmedia&parent=1521"}],"wp:term":[{"taxonomy":"category","embeddable":true,"href":"https:\/\/biosain.at\/index.php?rest_route=%2Fwp%2Fv2%2Fcategories&post=1521"},{"taxonomy":"post_tag","embeddable":true,"href":"https:\/\/biosain.at\/index.php?rest_route=%2Fwp%2Fv2%2Ftags&post=1521"}],"curies":[{"name":"wp","href":"https:\/\/api.w.org\/{rel}","templated":true}]}}