{"id":2216,"date":"2021-01-05T09:22:37","date_gmt":"2021-01-05T08:22:37","guid":{"rendered":"http:\/\/biosain.at\/?page_id=2216"},"modified":"2021-03-29T09:46:54","modified_gmt":"2021-03-29T07:46:54","slug":"kalender-2021","status":"publish","type":"page","link":"https:\/\/biosain.at\/?page_id=2216","title":{"rendered":"Kalender 2021"},"content":{"rendered":"\n<figure class=\"wp-block-gallery columns-3 is-cropped wp-block-gallery-1 is-layout-flex wp-block-gallery-is-layout-flex\"><ul class=\"blocks-gallery-grid\"><li class=\"blocks-gallery-item\"><figure><img loading=\"lazy\" decoding=\"async\" width=\"1024\" height=\"680\" src=\"https:\/\/biosain.at\/wp-content\/uploads\/2021\/03\/facebook_kalender-3-1024x680.jpg\" alt=\"\" data-id=\"2235\" data-full-url=\"https:\/\/biosain.at\/wp-content\/uploads\/2021\/03\/facebook_kalender-3.jpg\" data-link=\"https:\/\/biosain.at\/?attachment_id=2235#main\" class=\"wp-image-2235\" srcset=\"https:\/\/biosain.at\/wp-content\/uploads\/2021\/03\/facebook_kalender-3-1024x680.jpg 1024w, https:\/\/biosain.at\/wp-content\/uploads\/2021\/03\/facebook_kalender-3-300x199.jpg 300w, https:\/\/biosain.at\/wp-content\/uploads\/2021\/03\/facebook_kalender-3-768x510.jpg 768w, https:\/\/biosain.at\/wp-content\/uploads\/2021\/03\/facebook_kalender-3-1536x1021.jpg 1536w, https:\/\/biosain.at\/wp-content\/uploads\/2021\/03\/facebook_kalender-3-2048x1361.jpg 2048w\" sizes=\"auto, (max-width: 1024px) 100vw, 1024px\" \/><\/figure><\/li><li class=\"blocks-gallery-item\"><figure><img loading=\"lazy\" decoding=\"async\" width=\"1024\" height=\"679\" src=\"https:\/\/biosain.at\/wp-content\/uploads\/2021\/03\/facebook_kalender-5-1024x679.jpg\" alt=\"\" data-id=\"2219\" data-full-url=\"https:\/\/biosain.at\/wp-content\/uploads\/2021\/03\/facebook_kalender-5.jpg\" data-link=\"https:\/\/biosain.at\/?attachment_id=2219#main\" class=\"wp-image-2219\" srcset=\"https:\/\/biosain.at\/wp-content\/uploads\/2021\/03\/facebook_kalender-5-1024x679.jpg 1024w, https:\/\/biosain.at\/wp-content\/uploads\/2021\/03\/facebook_kalender-5-300x199.jpg 300w, https:\/\/biosain.at\/wp-content\/uploads\/2021\/03\/facebook_kalender-5-768x509.jpg 768w, https:\/\/biosain.at\/wp-content\/uploads\/2021\/03\/facebook_kalender-5-1536x1018.jpg 1536w, https:\/\/biosain.at\/wp-content\/uploads\/2021\/03\/facebook_kalender-5-2048x1358.jpg 2048w\" sizes=\"auto, (max-width: 1024px) 100vw, 1024px\" \/><\/figure><\/li><li class=\"blocks-gallery-item\"><figure><img loading=\"lazy\" decoding=\"async\" width=\"1024\" height=\"673\" src=\"https:\/\/biosain.at\/wp-content\/uploads\/2021\/03\/facebook_kalender-7-1024x673.jpg\" alt=\"\" data-id=\"2221\" data-full-url=\"https:\/\/biosain.at\/wp-content\/uploads\/2021\/03\/facebook_kalender-7.jpg\" data-link=\"https:\/\/biosain.at\/?attachment_id=2221#main\" class=\"wp-image-2221\" srcset=\"https:\/\/biosain.at\/wp-content\/uploads\/2021\/03\/facebook_kalender-7-1024x673.jpg 1024w, https:\/\/biosain.at\/wp-content\/uploads\/2021\/03\/facebook_kalender-7-300x197.jpg 300w, https:\/\/biosain.at\/wp-content\/uploads\/2021\/03\/facebook_kalender-7-768x504.jpg 768w, https:\/\/biosain.at\/wp-content\/uploads\/2021\/03\/facebook_kalender-7-1536x1009.jpg 1536w, https:\/\/biosain.at\/wp-content\/uploads\/2021\/03\/facebook_kalender-7-2048x1345.jpg 2048w\" sizes=\"auto, (max-width: 1024px) 100vw, 1024px\" \/><\/figure><\/li><li class=\"blocks-gallery-item\"><figure><img loading=\"lazy\" decoding=\"async\" width=\"1024\" height=\"680\" src=\"https:\/\/biosain.at\/wp-content\/uploads\/2021\/03\/facebook_kalender-9-1024x680.jpg\" alt=\"\" data-id=\"2223\" data-full-url=\"https:\/\/biosain.at\/wp-content\/uploads\/2021\/03\/facebook_kalender-9.jpg\" data-link=\"https:\/\/biosain.at\/?attachment_id=2223#main\" class=\"wp-image-2223\" srcset=\"https:\/\/biosain.at\/wp-content\/uploads\/2021\/03\/facebook_kalender-9-1024x680.jpg 1024w, https:\/\/biosain.at\/wp-content\/uploads\/2021\/03\/facebook_kalender-9-300x199.jpg 300w, https:\/\/biosain.at\/wp-content\/uploads\/2021\/03\/facebook_kalender-9-768x510.jpg 768w, https:\/\/biosain.at\/wp-content\/uploads\/2021\/03\/facebook_kalender-9-1536x1019.jpg 1536w, https:\/\/biosain.at\/wp-content\/uploads\/2021\/03\/facebook_kalender-9-2048x1359.jpg 2048w\" sizes=\"auto, (max-width: 1024px) 100vw, 1024px\" \/><\/figure><\/li><li class=\"blocks-gallery-item\"><figure><img loading=\"lazy\" decoding=\"async\" width=\"1024\" height=\"680\" src=\"https:\/\/biosain.at\/wp-content\/uploads\/2021\/03\/facebook_kalender-11-1024x680.jpg\" alt=\"\" data-id=\"2225\" data-full-url=\"https:\/\/biosain.at\/wp-content\/uploads\/2021\/03\/facebook_kalender-11.jpg\" data-link=\"https:\/\/biosain.at\/?attachment_id=2225#main\" class=\"wp-image-2225\" srcset=\"https:\/\/biosain.at\/wp-content\/uploads\/2021\/03\/facebook_kalender-11-1024x680.jpg 1024w, https:\/\/biosain.at\/wp-content\/uploads\/2021\/03\/facebook_kalender-11-300x199.jpg 300w, https:\/\/biosain.at\/wp-content\/uploads\/2021\/03\/facebook_kalender-11-768x510.jpg 768w, https:\/\/biosain.at\/wp-content\/uploads\/2021\/03\/facebook_kalender-11-1536x1021.jpg 1536w, https:\/\/biosain.at\/wp-content\/uploads\/2021\/03\/facebook_kalender-11-2048x1361.jpg 2048w\" sizes=\"auto, (max-width: 1024px) 100vw, 1024px\" \/><\/figure><\/li><li class=\"blocks-gallery-item\"><figure><img loading=\"lazy\" decoding=\"async\" width=\"1024\" height=\"687\" src=\"https:\/\/biosain.at\/wp-content\/uploads\/2021\/03\/facebook_kalender-13-1024x687.jpg\" alt=\"\" data-id=\"2227\" data-full-url=\"https:\/\/biosain.at\/wp-content\/uploads\/2021\/03\/facebook_kalender-13.jpg\" data-link=\"https:\/\/biosain.at\/?attachment_id=2227#main\" class=\"wp-image-2227\" srcset=\"https:\/\/biosain.at\/wp-content\/uploads\/2021\/03\/facebook_kalender-13-1024x687.jpg 1024w, https:\/\/biosain.at\/wp-content\/uploads\/2021\/03\/facebook_kalender-13-300x201.jpg 300w, https:\/\/biosain.at\/wp-content\/uploads\/2021\/03\/facebook_kalender-13-768x516.jpg 768w, https:\/\/biosain.at\/wp-content\/uploads\/2021\/03\/facebook_kalender-13-1536x1031.jpg 1536w, https:\/\/biosain.at\/wp-content\/uploads\/2021\/03\/facebook_kalender-13-2048x1375.jpg 2048w\" sizes=\"auto, (max-width: 1024px) 100vw, 1024px\" \/><\/figure><\/li><li class=\"blocks-gallery-item\"><figure><img loading=\"lazy\" decoding=\"async\" width=\"1024\" height=\"677\" src=\"https:\/\/biosain.at\/wp-content\/uploads\/2021\/03\/facebook_kalender-15-1024x677.jpg\" alt=\"\" data-id=\"2228\" data-full-url=\"https:\/\/biosain.at\/wp-content\/uploads\/2021\/03\/facebook_kalender-15.jpg\" data-link=\"https:\/\/biosain.at\/?attachment_id=2228#main\" class=\"wp-image-2228\" srcset=\"https:\/\/biosain.at\/wp-content\/uploads\/2021\/03\/facebook_kalender-15-1024x677.jpg 1024w, https:\/\/biosain.at\/wp-content\/uploads\/2021\/03\/facebook_kalender-15-300x198.jpg 300w, https:\/\/biosain.at\/wp-content\/uploads\/2021\/03\/facebook_kalender-15-768x508.jpg 768w, https:\/\/biosain.at\/wp-content\/uploads\/2021\/03\/facebook_kalender-15-1536x1015.jpg 1536w, https:\/\/biosain.at\/wp-content\/uploads\/2021\/03\/facebook_kalender-15-2048x1353.jpg 2048w\" sizes=\"auto, (max-width: 1024px) 100vw, 1024px\" \/><\/figure><\/li><li class=\"blocks-gallery-item\"><figure><img loading=\"lazy\" decoding=\"async\" width=\"1024\" height=\"677\" src=\"https:\/\/biosain.at\/wp-content\/uploads\/2021\/03\/facebook_kalender-17-1024x677.jpg\" alt=\"\" data-id=\"2229\" data-full-url=\"https:\/\/biosain.at\/wp-content\/uploads\/2021\/03\/facebook_kalender-17.jpg\" data-link=\"https:\/\/biosain.at\/?attachment_id=2229#main\" class=\"wp-image-2229\" srcset=\"https:\/\/biosain.at\/wp-content\/uploads\/2021\/03\/facebook_kalender-17-1024x677.jpg 1024w, https:\/\/biosain.at\/wp-content\/uploads\/2021\/03\/facebook_kalender-17-300x198.jpg 300w, https:\/\/biosain.at\/wp-content\/uploads\/2021\/03\/facebook_kalender-17-768x508.jpg 768w, https:\/\/biosain.at\/wp-content\/uploads\/2021\/03\/facebook_kalender-17-1536x1015.jpg 1536w, https:\/\/biosain.at\/wp-content\/uploads\/2021\/03\/facebook_kalender-17-2048x1353.jpg 2048w\" sizes=\"auto, (max-width: 1024px) 100vw, 1024px\" \/><\/figure><\/li><li class=\"blocks-gallery-item\"><figure><img loading=\"lazy\" decoding=\"async\" width=\"1024\" height=\"672\" src=\"https:\/\/biosain.at\/wp-content\/uploads\/2021\/03\/facebook_kalender-19-1024x672.jpg\" alt=\"\" data-id=\"2230\" data-full-url=\"https:\/\/biosain.at\/wp-content\/uploads\/2021\/03\/facebook_kalender-19.jpg\" data-link=\"https:\/\/biosain.at\/?attachment_id=2230#main\" class=\"wp-image-2230\" srcset=\"https:\/\/biosain.at\/wp-content\/uploads\/2021\/03\/facebook_kalender-19-1024x672.jpg 1024w, https:\/\/biosain.at\/wp-content\/uploads\/2021\/03\/facebook_kalender-19-300x197.jpg 300w, https:\/\/biosain.at\/wp-content\/uploads\/2021\/03\/facebook_kalender-19-768x504.jpg 768w, https:\/\/biosain.at\/wp-content\/uploads\/2021\/03\/facebook_kalender-19-1536x1008.jpg 1536w, https:\/\/biosain.at\/wp-content\/uploads\/2021\/03\/facebook_kalender-19-2048x1344.jpg 2048w\" sizes=\"auto, (max-width: 1024px) 100vw, 1024px\" \/><\/figure><\/li><li class=\"blocks-gallery-item\"><figure><img loading=\"lazy\" decoding=\"async\" width=\"1024\" height=\"680\" src=\"https:\/\/biosain.at\/wp-content\/uploads\/2021\/03\/facebook_kalender-21-1024x680.jpg\" alt=\"\" data-id=\"2231\" data-full-url=\"https:\/\/biosain.at\/wp-content\/uploads\/2021\/03\/facebook_kalender-21.jpg\" data-link=\"https:\/\/biosain.at\/?attachment_id=2231#main\" class=\"wp-image-2231\" srcset=\"https:\/\/biosain.at\/wp-content\/uploads\/2021\/03\/facebook_kalender-21-1024x680.jpg 1024w, https:\/\/biosain.at\/wp-content\/uploads\/2021\/03\/facebook_kalender-21-300x199.jpg 300w, https:\/\/biosain.at\/wp-content\/uploads\/2021\/03\/facebook_kalender-21-768x510.jpg 768w, https:\/\/biosain.at\/wp-content\/uploads\/2021\/03\/facebook_kalender-21-1536x1019.jpg 1536w, https:\/\/biosain.at\/wp-content\/uploads\/2021\/03\/facebook_kalender-21-2048x1359.jpg 2048w\" sizes=\"auto, (max-width: 1024px) 100vw, 1024px\" \/><\/figure><\/li><li class=\"blocks-gallery-item\"><figure><img loading=\"lazy\" decoding=\"async\" width=\"1024\" height=\"681\" src=\"https:\/\/biosain.at\/wp-content\/uploads\/2021\/03\/facebook_kalender-23-1024x681.jpg\" alt=\"\" data-id=\"2232\" data-full-url=\"https:\/\/biosain.at\/wp-content\/uploads\/2021\/03\/facebook_kalender-23.jpg\" data-link=\"https:\/\/biosain.at\/?attachment_id=2232#main\" class=\"wp-image-2232\" srcset=\"https:\/\/biosain.at\/wp-content\/uploads\/2021\/03\/facebook_kalender-23-1024x681.jpg 1024w, https:\/\/biosain.at\/wp-content\/uploads\/2021\/03\/facebook_kalender-23-300x199.jpg 300w, https:\/\/biosain.at\/wp-content\/uploads\/2021\/03\/facebook_kalender-23-768x511.jpg 768w, https:\/\/biosain.at\/wp-content\/uploads\/2021\/03\/facebook_kalender-23-1536x1021.jpg 1536w, https:\/\/biosain.at\/wp-content\/uploads\/2021\/03\/facebook_kalender-23-2048x1362.jpg 2048w\" sizes=\"auto, (max-width: 1024px) 100vw, 1024px\" \/><\/figure><\/li><li class=\"blocks-gallery-item\"><figure><img loading=\"lazy\" decoding=\"async\" width=\"1024\" height=\"677\" src=\"https:\/\/biosain.at\/wp-content\/uploads\/2021\/03\/facebook_kalender-25-1024x677.jpg\" alt=\"\" data-id=\"2233\" data-full-url=\"https:\/\/biosain.at\/wp-content\/uploads\/2021\/03\/facebook_kalender-25.jpg\" data-link=\"https:\/\/biosain.at\/?attachment_id=2233#main\" class=\"wp-image-2233\" srcset=\"https:\/\/biosain.at\/wp-content\/uploads\/2021\/03\/facebook_kalender-25-1024x677.jpg 1024w, https:\/\/biosain.at\/wp-content\/uploads\/2021\/03\/facebook_kalender-25-300x198.jpg 300w, https:\/\/biosain.at\/wp-content\/uploads\/2021\/03\/facebook_kalender-25-768x508.jpg 768w, https:\/\/biosain.at\/wp-content\/uploads\/2021\/03\/facebook_kalender-25-1536x1016.jpg 1536w, https:\/\/biosain.at\/wp-content\/uploads\/2021\/03\/facebook_kalender-25-2048x1354.jpg 2048w\" sizes=\"auto, (max-width: 1024px) 100vw, 1024px\" \/><\/figure><\/li><\/ul><\/figure>\n\n\n\n<p>Das ganze Team Biosain bedankt sich f\u00fcr das dabei sein an den Ernteanteilen und wertsch\u00e4tzen unserer Bodensch\u00e4tze mit einem Bildkalender der entstandenen Fotoserien 2020.<\/p>\n\n\n\n<p>  Alle Bilder sind bei uns am Wachtberg umgesetzt worden. <\/p>\n\n\n\n<p>Ein buntes Jahr 2021 w\u00fcnschen wir! <\/p>\n\n\n\n<p>Fotos copyright Julia Wesely<\/p>\n\n\n\n<p><\/p>\n","protected":false},"excerpt":{"rendered":"<p>Das ganze Team Biosain bedankt sich f\u00fcr das dabei sein an den Ernteanteilen und wertsch\u00e4tzen unserer Bodensch\u00e4tze mit einem Bildkalender der entstandenen Fotoserien 2020. Alle Bilder sind bei uns am Wachtberg umgesetzt worden. Ein buntes Jahr 2021 w\u00fcnschen wir! Fotos copyright Julia Wesely<\/p>\n","protected":false},"author":3,"featured_media":2256,"parent":165,"menu_order":114,"comment_status":"closed","ping_status":"closed","template":"Newsseite.php","meta":{"footnotes":"","_links_to":"","_links_to_target":""},"categories":[2],"tags":[],"class_list":["post-2216","page","type-page","status-publish","has-post-thumbnail","hentry","category-news"],"_links":{"self":[{"href":"https:\/\/biosain.at\/index.php?rest_route=\/wp\/v2\/pages\/2216","targetHints":{"allow":["GET"]}}],"collection":[{"href":"https:\/\/biosain.at\/index.php?rest_route=\/wp\/v2\/pages"}],"about":[{"href":"https:\/\/biosain.at\/index.php?rest_route=\/wp\/v2\/types\/page"}],"author":[{"embeddable":true,"href":"https:\/\/biosain.at\/index.php?rest_route=\/wp\/v2\/users\/3"}],"replies":[{"embeddable":true,"href":"https:\/\/biosain.at\/index.php?rest_route=%2Fwp%2Fv2%2Fcomments&post=2216"}],"version-history":[{"count":2,"href":"https:\/\/biosain.at\/index.php?rest_route=\/wp\/v2\/pages\/2216\/revisions"}],"predecessor-version":[{"id":2245,"href":"https:\/\/biosain.at\/index.php?rest_route=\/wp\/v2\/pages\/2216\/revisions\/2245"}],"up":[{"embeddable":true,"href":"https:\/\/biosain.at\/index.php?rest_route=\/wp\/v2\/pages\/165"}],"wp:featuredmedia":[{"embeddable":true,"href":"https:\/\/biosain.at\/index.php?rest_route=\/wp\/v2\/media\/2256"}],"wp:attachment":[{"href":"https:\/\/biosain.at\/index.php?rest_route=%2Fwp%2Fv2%2Fmedia&parent=2216"}],"wp:term":[{"taxonomy":"category","embeddable":true,"href":"https:\/\/biosain.at\/index.php?rest_route=%2Fwp%2Fv2%2Fcategories&post=2216"},{"taxonomy":"post_tag","embeddable":true,"href":"https:\/\/biosain.at\/index.php?rest_route=%2Fwp%2Fv2%2Ftags&post=2216"}],"curies":[{"name":"wp","href":"https:\/\/api.w.org\/{rel}","templated":true}]}}